{"id":506,"date":"2016-01-31T12:47:14","date_gmt":"2016-01-31T10:47:14","guid":{"rendered":"http:\/\/www.scheibstock.at\/?page_id=506"},"modified":"2020-07-19T20:03:32","modified_gmt":"2020-07-19T18:03:32","slug":"vita","status":"publish","type":"page","link":"https:\/\/www.scheibstock.at\/?page_id=506","title":{"rendered":"about"},"content":{"rendered":"\t\t<div data-elementor-type=\"wp-page\" data-elementor-id=\"506\" class=\"elementor elementor-506\">\n\t\t\t\t\t\t<section class=\"elementor-section elementor-top-section elementor-element elementor-element-21ec13c4 elementor-section-boxed elementor-section-height-default elementor-section-height-default\" data-id=\"21ec13c4\" data-element_type=\"section\" data-e-type=\"section\">\n\t\t\t\t\t\t<div class=\"elementor-container elementor-column-gap-default\">\n\t\t\t\t\t<div class=\"elementor-column elementor-col-100 elementor-top-column elementor-element elementor-element-62c6a2d8\" data-id=\"62c6a2d8\" data-element_type=\"column\" data-e-type=\"column\">\n\t\t\t<div class=\"elementor-widget-wrap elementor-element-populated\">\n\t\t\t\t\t\t<div class=\"elementor-element elementor-element-5c12ed67 elementor-widget elementor-widget-text-editor\" data-id=\"5c12ed67\" data-element_type=\"widget\" data-e-type=\"widget\" data-widget_type=\"text-editor.default\">\n\t\t\t\t<div class=\"elementor-widget-container\">\n\t\t\t\t\t\t\t\t\t<p><\/p>\n<p><a href=\"http:\/\/www.scheibstock.at\/?attachment_id=694\" rel=\"attachment wp-att-694\"><img fetchpriority=\"high\" decoding=\"async\" src=\"http:\/\/www.scheibstock.at\/wp-content\/uploads\/2020\/06\/ms-scaled.jpg\" alt=\"\" width=\"228\" height=\"295\"><\/a><\/p>\n<p><span style=\"font-size: 15px;\">&nbsp;<br><\/span><span style=\"font-size: 15px;\">1988 &#8211; 1991 Studien in Zeichnung und Malerei<br><\/span><span style=\"font-size: 15px;\">an der Wiener Kunstschule bei Prof Fritz Martinz<br><\/span><span style=\"font-size: 15px;\">1991 &#8211; 1992 Internationales Kunstforum Millstatt<br><\/span><span style=\"font-size: 15px;\">Klasse f\u00fcr freie Malerei bei Prof. G\u00fcnther Meck BRD<br><\/span><span style=\"font-size: 15px;\">1993 Internationales Kunstforum Schongau BRD<br><\/span><span style=\"font-size: 15px;\">2001 &#8211; 2010 Obmann der Kulturinitiative Punctum<br><\/span><span style=\"font-size: 15px;\">Organisation von Loftlinx in Pitten<br><\/span><span style=\"font-size: 15px;\">2009 Aufnahme als Mitglied im Kunstbeirat Industrieviertel<\/span><\/p>\n<h4>Ausstellungen\/Ausstellungsbeteiligungen<\/h4>\n<p>1991 &nbsp;Kunstforum Millstatt<br>K. U. K. Wiener Neustadt<br>1994 Kunstforum Schongau , BRD<br>Galerie Haus Wolfsdelle Bergen \/ Olfen , BRD<br>1995 Karmeliterkirche Wiener Neustadt<br>Galerie \u201e Kunst und Glas \u201c Wiener Neustadt<br>1996 Galerie \u201e Z \u2013 Art \u201c Forchtenstein, Burgenland<br>Weinkellergalerie Gerger , Gro\u00dfh\u00f6flein<br>1997 Galerie \u201e Am Stiergraben \u201c Neunkirchen, N\u00d6<br>Galerie \u201e Junge KunstWerkStart &#8211; Teletrader \u201c Wien<br>Kreative Symbiosen Barockschl\u00f6\u00dfel Mistelbach, N\u00d6.<br>1998 Kreative Symbiosen Bezirkshauptmannschaft Melk<br>2001 Loftlinx 2823 W\u00fcste R\u00e4ume Pitten<br>&#8222;Das Nackte grau&#8230;en \u201c Kunstverein S\u00fcd Ost Stadtmuseum St.P\u00f6lten<br>Groovebox Bad Fischau<br>2003 RIZ \u2013 RegionalesInnovationsZentrum Wr. Neustadt<br>loftlinx 2003 Pitten<br>2005 Palazzo Cesi Aquasparta &nbsp;Umbrien &nbsp;Italien<br>loftlinx 2005 Pitten<br>2007 loftlinx 2007 Pitten<br>2008 &#8222;Die Kunst der Zeichnung&#8220; Pitten<br>2012 &#8222;A Picture Compilation&#8220; popup gallery Neunkirchen<br><span style=\"font-size: 15px;\">2019 &#8222;nackt&#8220; Galerie &#8222;Kolonie 5&#8220; Wien<\/span><\/p>\n<p><\/p>\t\t\t\t\t\t\t\t<\/div>\n\t\t\t\t<\/div>\n\t\t\t\t\t<\/div>\n\t\t<\/div>\n\t\t\t\t\t<\/div>\n\t\t<\/section>\n\t\t\t\t<\/div>\n\t\t","protected":false},"excerpt":{"rendered":"","protected":false},"author":1,"featured_media":0,"parent":0,"menu_order":0,"comment_status":"closed","ping_status":"closed","template":"","meta":{"site-sidebar-layout":"default","site-content-layout":"default","ast-site-content-layout":"","site-content-style":"default","site-sidebar-style":"default","ast-global-header-display":"","ast-banner-title-visibility":"","ast-main-header-display":"","ast-hfb-above-header-display":"","ast-hfb-below-header-display":"","ast-hfb-mobile-header-display":"","site-post-title":"","ast-breadcrumbs-content":"","ast-featured-img":"","footer-sml-layout":"","theme-transparent-header-meta":"default","adv-header-id-meta":"","stick-header-meta":"","header-above-stick-meta":"","header-main-stick-meta":"","header-below-stick-meta":"","astra-migrate-meta-layouts":"","ast-page-background-enabled":"default","ast-page-background-meta":{"desktop":{"background-color":"","background-image":"","background-repeat":"repeat","background-position":"center center","background-size":"auto","background-attachment":"scroll","background-type":"","background-media":"","overlay-type":"","overlay-color":"","overlay-gradient":""},"tablet":{"background-color":"","background-image":"","background-repeat":"repeat","background-position":"center center","background-size":"auto","background-attachment":"scroll","background-type":"","background-media":"","overlay-type":"","overlay-color":"","overlay-gradient":""},"mobile":{"background-color":"","background-image":"","background-repeat":"repeat","background-position":"center center","background-size":"auto","background-attachment":"scroll","background-type":"","background-media":"","overlay-type":"","overlay-color":"","overlay-gradient":""}},"ast-content-background-meta":{"desktop":{"background-color":"var(--ast-global-color-5)","background-image":"","background-repeat":"repeat","background-position":"center center","background-size":"auto","background-attachment":"scroll","background-type":"","background-media":"","overlay-type":"","overlay-color":"","overlay-gradient":""},"tablet":{"background-color":"var(--ast-global-color-5)","background-image":"","background-repeat":"repeat","background-position":"center center","background-size":"auto","background-attachment":"scroll","background-type":"","background-media":"","overlay-type":"","overlay-color":"","overlay-gradient":""},"mobile":{"background-color":"var(--ast-global-color-5)","background-image":"","background-repeat":"repeat","background-position":"center center","background-size":"auto","background-attachment":"scroll","background-type":"","background-media":"","overlay-type":"","overlay-color":"","overlay-gradient":""}},"footnotes":""},"class_list":["post-506","page","type-page","status-publish","hentry"],"_links":{"self":[{"href":"https:\/\/www.scheibstock.at\/index.php?rest_route=\/wp\/v2\/pages\/506","targetHints":{"allow":["GET"]}}],"collection":[{"href":"https:\/\/www.scheibstock.at\/index.php?rest_route=\/wp\/v2\/pages"}],"about":[{"href":"https:\/\/www.scheibstock.at\/index.php?rest_route=\/wp\/v2\/types\/page"}],"author":[{"embeddable":true,"href":"https:\/\/www.scheibstock.at\/index.php?rest_route=\/wp\/v2\/users\/1"}],"replies":[{"embeddable":true,"href":"https:\/\/www.scheibstock.at\/index.php?rest_route=%2Fwp%2Fv2%2Fcomments&post=506"}],"version-history":[{"count":20,"href":"https:\/\/www.scheibstock.at\/index.php?rest_route=\/wp\/v2\/pages\/506\/revisions"}],"predecessor-version":[{"id":859,"href":"https:\/\/www.scheibstock.at\/index.php?rest_route=\/wp\/v2\/pages\/506\/revisions\/859"}],"wp:attachment":[{"href":"https:\/\/www.scheibstock.at\/index.php?rest_route=%2Fwp%2Fv2%2Fmedia&parent=506"}],"curies":[{"name":"wp","href":"https:\/\/api.w.org\/{rel}","templated":true}]}}